rime number?
False
Is 214079347 a composite number?
True
Is 49902821 a prime number?
True
Is 9309479 composite?
False
Is 11110373 a composite number?
False
Is 10709705 a prime number?
False
Is 14000671 a composite number?
True
Is 658266829 composite?
True
Is 26570477 a prime number?
False
Is 93650489 prime?
False
Is 1898857 prime?
False
Is 39463417 a composite number?
True
Is 5476973 a prime number?
True
Is 157682893 a prime number?
False
Is 382843 a prime number?
True
Is 108009329 composite?
False
Is 228726877 prime?
True
Is 74519773 composite?
True
Is 950591 a composite number?
True
Is 32172443 a prime number?
False
Is 52213531 a prime number?
True
Is 933994771 a prime number?
True
Is 30089057 a composite number?
True
Is 177106459 composite?
True
Is 2297647 a prime number?
False
Is 6397273 a prime number?
True
Is 9892981 a prime number?
False
Is 341969 a composite number?
True
Is 150451199 composite?
False
Is 24415423 composite?
False
Is 223186211 a composite number?
True
Is 39544831 a composite number?
True
Is 2636463 composite?
True
Is 27692351 composite?
False
Is 65228533 prime?
True
Is 20866179 prime?
False
Is 7154333 composite?
True
Is 35757451 composite?
False
Is 1462379 a composite number?
True
Is 279779 composite?
False
Is 4758259 composite?
True
Is 27190547 prime?
True
Is 2799833 prime?
True
Is 303529 a composite number?
False
Is 3493289 a prime number?
True
Is 52643801 a prime number?
False
Is 13471501 composite?
False
Is 3840713 a composite number?
False
Is 1737997 prime?
False
Is 367151 a prime number?
False
Is 5368543 prime?
False
Is 135817637 composite?
False
Is 61127761 composite?
True
Is 4528607 prime?
True
Is 973573 prime?
False
Is 21889471 composite?
True
Is 71416957 prime?
False
Is 13734557 a composite number?
True
Is 21338039 prime?
True
Is 151018817 a composite number?
False
Is 45232969 a composite number?
False
Is 221934074 a prime number?
False
Is 46135919 composite?
False
Is 2149989 a composite number?
True
Is 1319168309 composite?
True
Is 1220278669 composite?
False
Is 349285 composite?
True
Is 50063297 composite?
False
Is 5605553 composite?
False
Is 6465839 a prime number?
True
Is 287069687 composite?
False
Is 23113037 prime?
True
Is 106513333 composite?
False
Is 38294227 prime?
False
Is 2320567 composite?
True
Is 2562317 a prime number?
True
Is 161068463 composite?
True
Is 380469 a composite number?
True
Is 205905083 composite?
False
Is 50688587 a prime number?
False
Is 112231891 prime?
True
Is 24071347 prime?
False
Is 44017 composite?
False
Is 16447657 prime?
True
Is 17346929 a prime number?
True
Is 7977043 a prime number?
True
Is 795343 a prime number?
True
Is 39027631 prime?
False
Is 228793511 a prime number?
True
Is 1470979 prime?
False
Is 53653463 prime?
False
Is 79233431 composite?
False
Is 8881181 prime?
False
Is 116150183 composite?
False
Is 157123 a composite number?
True
Is 4429121 composite?
True
Is 17830861 composite?
False
Is 194170601 prime?
False
Is 15524123 a composite number?
True
Is 4082807 composite?
True
Is 2396497 composite?
False
Is 4246369 prime?
False
Is 15717989 a prime number?
False
Is 21966799 a composite number?
True
Is 654491 a prime number?
True
Is 8028479 a composite number?
False
Is 4040941 composite?
False
Is 67375181 composite?
True
Is 6308369 a prime number?
True
Is 34581494 a prime number?
False
Is 8214301 prime?
True
Is 55055849 composite?
False
Is 60487195 prime?
False
Is 34295291 a prime number?
True
Is 1330129 prime?
True
Is 167689129 a prime number?
True
Is 41055779 prime?
True
Is 5669501 composite?
False
Is 274069421 a prime number?
True
Is 955660726 composite?
True
Is 971237 a prime number?
True
Is 2803019 a prime number?
True
Is 1169293 prime?
True
Is 67622663 a composite number?
True
Is 23153789 prime?
True
Is 38023 a prime number?
False
Is 2628877 a composite number?
True
Is 769363117 a composite number?
True
Is 1508798 composite?
True
Is 3086353 a composite number?
False
Is 19481309 prime?
True
Is 1539149 composite?
False
Is 30855991 a composite number?
True
Is 831095 composite?
True
Is 16084181 a composite number?
False
Is 22821509 composite?
True
Is 92978045 a composite number?
True
Is 1174444801 prime?
False
Is 615709 composite?
False
Is 22608139 a composite number?
True
Is 54338857 composite?
True
Is 457194371 prime?
True
Is 220456751 a composite number?
True
Is 236687 composite?
True
Is 92045219 composite?
True
Is 19656059 a composite number?
True
Is 1302691 composite?
True
Is 14061829 composite?
True
Is 15689209 a prime number?
True
Is 2525797 a prime number?
True
Is 120587 a composite number?
False
Is 35591639 a composite number?
False
Is 4274147 composite?
False
Is 626288311 a prime number?
False
Is 4358551 prime?
False
Is 3739759 prime?
True
Is 375258529 prime?
False
Is 512434603 prime?
False
Is 44205079 a composite number?
False
Is 27475291 a composite number?
False
Is 47668201 a composite number?
True
Is 7001959 a composite number?
True
Is 21742087 a composite number?
False
Is 109309229 prime?
True
Is 226300739 prime?
False
Is 4142137 prime?
False
Is 11275127 a composite number?
False
Is 23694241 a prime number?
False
Is 7128509 composite?
False
Is 84465833 prime?
True
Is 382163 prime?
True
Is 1741519 prime?
False
Is 754333 a composite number?
False
Is 5782157 a composite number?
False
Is 3634593 composite?
True
Is 41595913 prime?
True
Is 1794103 a prime number?
False
Is 13165679 a prime number?
True
Is 6600019 composite?
True
Is 36730117 a prime number?
False
Is 169353571 a prime number?
True
Is 1771169 a prime number?
True
Is 31580177 a prime number?
True
Is 232675783 prime?
True
Is 12509641 prime?
True
Is 1602047 prime?
False
Is 28032793 composite?
False
Is 799891 a composite number?
False
Is 220327 a prime number?
True
Is 669459647 prime?
False
Is 317515561 prime?
False
Is 29350463 composite?
False
Is 58591249 a composite number?
True
Is 213524215 composite?
True
Is 2804693 a prime number?
True
Is 8034157 composite?
False
Is 3193129 composite?
False
Is 673861 composite?
True
Is 72456793 prime?
True
Is 1619507 a composite number?
False
Is 24244631 a prime number?
True
Is 190459 a composite number?
True
Is 607400509 a prime number?
True
Is 369585961 a prime number?
True
Is 100731151 composite?
True
Is 3263831 composite?
False
Is 57148097 composite?
True
Is 80740579 a composite number?
True
Is 5778323 a prime number?
False
Is 2510993 prime?
False
Is 13739563 a prime number?
True
Is 30304745 a prime number?
False
Is 4100962 composite?
True
Is 39435755 prime?
False
Is 9263603 prime?
False
Is 104390789 a composite number?
False
Is 4495703 a prime number?
False
Is 28855711 composite?
True
Is 10759235 prime?
False
Is 3370457 composite?
False
Is 328044047 prime?
False
Is 14628143 a composite number?
True
Is 97385417 a prime number?
False
Is 2585927 a composite number?
True
Is 5900201 a prime number?
False
Is 5997295 a composite number?
True
Is 434834546 a composite number?
True
Is 26864177 composite?
False
Is 233407 a composite number?
False
Is 23702561 a prime number?
True
Is 6892031 prime?
True
Is 5488097 composite?
True
Is 13109423 composite?
True
Is 1907657 composite?
True
Is 8448397 prime?
True
Is 219414533 prime?
False
Is 507823805 composite?
True
Is 4437511 composite?
True
Is 2603661 composite?
True
Is 110453893 a composite number?
True
Is 740615 a composite number?
True
Is 3338227 a prime number?
False
Is 68770057 prime?
True
Is 1462739 composite?
False
Is 2280491 composite?
True
Is 14115929 prime?
True
Is 63345134 a composite number?
True
Is 57657641 a composite number?
True
Is 7913891 a prime number?
False
Is 32004131 a prime number?
True
Is 1200799 a composite number?
False
Is 1319951 composite?
False
Is 9879937 a prime number?
True
Is 5826617 a composite number?
True
Is 56391271 composite?
False
Is 57916213 a prime number?
False
Is 182477 composite?
True
Is 14542763 composite?
False
Is 924601 prime?
True
Is 18621277 a prime number?
False
Is 72167531 a prime number?
True
Is 17555239 a prime number?
False
Is 12801599 prime?
False
Is 3456487 prime?
False
Is 3464291 composite?
False
Is 687998357 composite?
True
Is 70897 composite?
True
Is 311414743 a prime number?
True
Is 1066591 composite?
True
Is 68828873 composite?
True
Is 50374321 prime?
False
Is